3416?
2, 7, 61
What are the prime factors of 4277?
7, 13, 47
List the prime factors of 35127.
3, 1301
What are the prime factors of 60700?
2, 5, 607
What are the prime factors of 131?
131
What are the prime factors of 97666?
2, 47, 1039
List the prime factors of 1045.
5, 11, 19
What are the prime factors of 157835?
5, 31567
List the prime factors of 1703.
13, 131
List the prime factors of 11788.
2, 7, 421
What are the prime factors of 13751?
13751
List the prime factors of 144338.
2, 72169
List the prime factors of 5135.
5, 13, 79
List the prime factors of 4114.
2, 11, 17
What are the prime factors of 6216?
2, 3, 7, 37
What are the prime factors of 55438?
2, 53, 523
What are the prime factors of 1799?
7, 257
What are the prime factors of 121912?
2, 7, 311
What are the prime factors of 349?
349
What are the prime factors of 6495?
3, 5, 433
List the prime factors of 77076.
2, 3, 2141
List the prime factors of 76274.
2, 11, 3467
List the prime factors of 344.
2, 43
List the prime factors of 240.
2, 3, 5
What are the prime factors of 27787?
37, 751
What are the prime factors of 75771?
3, 8419
What are the prime factors of 13531?
7, 1933
List the prime factors of 7026.
2, 3, 1171
What are the prime factors of 16221?
3, 5407
What are the prime factors of 317?
317
List the prime factors of 25994.
2, 41, 317
List the prime factors of 30178.
2, 79, 191
List the prime factors of 1083.
3, 19
What are the prime factors of 94246?
2, 47123
List the prime factors of 33422.
2, 17, 983
List the prime factors of 297.
3, 11
List the prime factors of 9949.
9949
List the prime factors of 691.
691
What are the prime factors of 43927?
13, 31, 109
What are the prime factors of 4287?
3, 1429
List the prime factors of 274.
2, 137
What are the prime factors of 15307?
15307
List the prime factors of 929.
929
List the prime factors of 1627.
1627
List the prime factors of 162332.
2, 40583
What are the prime factors of 7699?
7699
What are the prime factors of 852?
2, 3, 71
List the prime factors of 33219.
3, 3691
List the prime factors of 54144.
2, 3, 47
List the prime factors of 173.
173
What are the prime factors of 2944?
2, 23
What are the prime factors of 4659?
3, 1553
What are the prime factors of 6832?
2, 7, 61
List the prime factors of 7513.
11, 683
What are the prime factors of 247?
13, 19
What are the prime factors of 1323?
3, 7
List the prime factors of 2903.
2903
List the prime factors of 64828.
2, 19, 853
List the prime factors of 1788.
2, 3, 149
List the prime factors of 2953.
2953
What are the prime factors of 3446?
2, 1723
List the prime factors of 36357.
3, 12119
List the prime factors of 3858.
2, 3, 643
What are the prime factors of 171?
3, 19
List the prime factors of 62936.
2, 7867
List the prime factors of 20230.
2, 5, 7, 17
List the prime factors of 2927.
2927
What are the prime factors of 1222?
2, 13, 47
List the prime factors of 4891.
67, 73
What are the prime factors of 2233?
7, 11, 29
List the prime factors of 751.
751
What are the prime factors of 1839?
3, 613
List the prime factors of 4957.
4957
What are the prime factors of 135329?
135329
What are the prime factors of 1139?
17, 67
What are the prime factors of 45637?
47, 971
What are the prime factors of 2505?
3, 5, 167
List the prime factors of 552.
2, 3, 23
What are the prime factors of 7984?
2, 499
List the prime factors of 684.
2, 3, 19
List the prime factors of 1049.
1049
List the prime factors of 80063.
23, 59
List the prime factors of 1395.
3, 5, 31
List the prime factors of 859.
859
What are the prime factors of 25774?
2, 7, 263
List the prime factors of 2717.
11, 13, 19
List the prime factors of 14876.
2, 3719
What are the prime factors of 12003?
3, 4001
What are the prime factors of 83441?
181, 461
List the prime factors of 111192.
2, 3, 41, 113
What are the prime factors of 588?
2, 3, 7
List the prime factors of 27370.
2, 5, 7, 17, 23
What are the prime factors of 2199?
3, 733
List the prime factors of 4718.
2, 7, 337
What are the prime factors of 63906?
2, 3, 10651
List the prime factors of 9366.
2, 3, 7, 223
List the prime factors of 3272.
2, 409
List the prime factors of 15107.
15107
List the prime factors of 34374.
2, 3, 17, 337
What are the prime factors of 12177?
3, 11, 41
What are the prime factors of 13411?
13411
What are the prime factors of 2465?
5, 17, 29
What are the prime factors of 3973?
29, 137
What are the prime factors of 724?
2, 181
What are the prime factors of 34409?
19, 1811
List the prime factors of 6300.
2, 3, 5, 7
What are the prime factors of 2286?
2, 3, 127
What are the prime factors of 29602?
2, 19, 41
What are the prime factors of 54933?
3, 18311
What are the prime factors of 52951?
52951
List the prime factors of 5235.
3, 5, 349
What are the prime factors of 22343?
22343
List the prime factors of 33686.
2, 16843
List the prime factors of 912.
2, 3, 19
What are the prime factors of 67233?
3, 73, 307
What are the prime factors of 41003?
131, 313
List the prime factors of 99837.
3, 11093
List the prime factors of 2292.
2, 3, 191
What are the prime factors of 105953?
105953
List the prime factors of 13081.
103, 127
List the prime factors of 1889.
1889
What are the prime factors of 5555?
5, 11, 101
What are the prime factors of 5569?
5569
What are the prime factors of 68320?
2, 5, 7, 61
What are the prime factors of 1351?
7, 193
What are the prime factors of 2092?
2, 523
What are the prime factors of 34737?
3, 11579
What are the prime factors of 22087?
13, 1699
What are the prime factors of 8827?
7, 13, 97
What are the prime factors of 22639?
22639
What are the prime factors of 9369?
3, 347
List the prime factors of 717.
3, 239
What are the prime factors of 27426?
2, 3, 7, 653
List the prime factors of 806.
2, 13, 31
List the prime factors of 1728.
2, 3
What are the prime factors of 1744?
2, 109
What are the prime factors of 6749?
17, 397
List the prime factors of 107247.
3, 7, 5107
List the prime factors of 20918.
2, 10459
List the prime factors of 1017.
3, 113
What are the prime factors of 82?
2, 41
What are the prime factors of 18841?
83, 227
List the prime factors of 56811.
3, 29, 653
What are the prime factors of 10124?
2, 2531
List the prime factors of 325.
5, 13
What are the prime factors of 474?
2, 3, 79
What are the prime factors of 124534?
2, 71, 877
List the prime factors of 9776.
2, 13, 47
List the prime factors of 863.
863
List the prime factors of 5223.
3, 1741
List the prime factors of 1856.
2, 29
List the prime factors of 76442.
2, 37, 1033
List the prime factors of 4514.
2, 37, 61
What are the prime factors of 11664?
2, 3
List the prime factors of 5753.
11, 523
List the prime factors of 23501.
71, 331
List the prime factors of 1213.
1213
What are the prime factors of 13035?
3, 5, 11, 79
What are the prime factors of 1329?
3, 443
List the prime factors of 17417.
17417
What are the prime factors of 1544?
2, 193
What are the prime factors of 4689?
3, 521
List the prime factors of 124.
2, 31
What are the prime factors of 973?
7, 139
What are the prime factors of 2943?
3, 109
What are the prime factors of 17349?
3, 5783
What are the prime factors of 10437?
3, 7, 71
List the prime factors of 19878.
2, 3, 3313
List the prime factors of 4461.
3, 1487
List the prime factors of 1814.
2, 907
List the prime factors of 6100.
2, 5, 61
What are the prime factors of 2749?
2749
What are the prime factors of 5776?
2, 19
List the prime factors of 13786.
2, 61, 113
What are the prime factors of 1422?
2, 3, 79
What are the prime factors of 3580?
2, 5, 179
List the prime factors of 805.
5, 7, 23
What are the prime factors of 571?
571
What are the prime factors of 80313?
3, 19, 1409
List the prime factors of 6100.
2, 5, 61
List the prime factors of 6567.
3, 11, 199
List the prime factors of 7237.
7237
List the prime factors of 72293.
13, 67, 83
List the prime factors of 1431.
3, 53
List the prime factors of 4177.
4177
List the prime factors of 1516.
2, 379
List the prime factors of 2820.
2, 3, 5, 47
List the prime factors of 2111.
2111
What are the prime factors of 48875?
5, 17, 23
List the prime factors of 205.
5, 41
What are the prime factors of 7923?
3, 19, 139
What are the prime factors of 519?
3, 173
List the prime factors of 3214.
2, 1607
List the prime fac